{"id":139,"date":"2024-11-27T17:48:23","date_gmt":"2024-11-27T16:48:23","guid":{"rendered":"https:\/\/csetenyireformatus.hu\/?page_id=139"},"modified":"2026-02-27T12:04:43","modified_gmt":"2026-02-27T11:04:43","slug":"presbiterium","status":"publish","type":"page","link":"https:\/\/csetenyireformatus.hu\/?page_id=139","title":{"rendered":"PRESBIT\u00c9RIUM"},"content":{"rendered":"\n<style type=\"text\/css\" data-created_by=\"avia_inline_auto\" id=\"style-css-av-m406ea2r-9e88f2fd6d8482ba22a0b2fbe7a980fe\">\n#top .av-special-heading.av-m406ea2r-9e88f2fd6d8482ba22a0b2fbe7a980fe{\npadding-bottom:50px;\n}\nbody .av-special-heading.av-m406ea2r-9e88f2fd6d8482ba22a0b2fbe7a980fe .av-special-heading-tag .heading-char{\nfont-size:25px;\n}\n.av-special-heading.av-m406ea2r-9e88f2fd6d8482ba22a0b2fbe7a980fe .av-subheading{\nfont-size:15px;\n}\n<\/style>\n<div  class='av-special-heading av-m406ea2r-9e88f2fd6d8482ba22a0b2fbe7a980fe av-special-heading-h1 blockquote modern-quote  avia-builder-el-0  el_before_av_textblock  avia-builder-el-first '><h1 class='av-special-heading-tag '  itemprop=\"headline\"  >PRESBIT\u00c9RIUM<\/h1><div class=\"special-heading-border\"><div class=\"special-heading-inner-border\"><\/div><\/div><\/div>\n<section  class='av_textblock_section av-fiil7-b81abaecc8d714bc1093ca9af6ef3621 '   itemscope=\"itemscope\" itemtype=\"https:\/\/schema.org\/CreativeWork\" ><div class='avia_textblock'  itemprop=\"text\" ><p><strong><u>Szalai S\u00e1ndorn\u00e9 Margit &#8211; f\u0151gondnok<\/u><\/strong><\/p>\n<p>Reform\u00e1tus \u00e9let\u00fat:<\/p>\n<p>Szalai S\u00e1ndorn\u00e9 sz\u00fcl.: T\u00f3th Margit<\/p>\n<p>Cset\u00e9nyben sz\u00fclettem 1961-ben, sz\u00fcleim a reform\u00e1tus hit szerint neveltek. \u00c1ltal\u00e1nos iskola 1-6. oszt\u00e1ly\u00e1ban v\u00e9gig hittanra j\u00e1rtam. Az \u00e1ltal\u00e1nos iskola 7. oszt\u00e1ly\u00e1ban konfirm\u00e1ci\u00f3i fogadalmat tettem. H\u00e1zass\u00e1gi fogadalmat is a reform\u00e1tus rendtart\u00e1s szerint tettem.<\/p>\n<p><em>Iskolai v\u00e9gzetts\u00e9gem:<\/em> k\u00f6zgazdas\u00e1gi szakk\u00f6z\u00e9piskolai \u00e9retts\u00e9gi.<\/p>\n<p>1990. m\u00e1rcius\u00e1t\u00f3l kezdtem egyre gyakrabban \/ nem csak \u00fcnnepnapokon \/elj\u00e1rni a Cset\u00e9nyi Reform\u00e1tus Egyh\u00e1zk\u00f6zs\u00e9g vas\u00e1rnapi istentiszteleteire. Az id\u0151 m\u00fal\u00e1s\u00e1val, p\u00e1r \u00e9v eltelt\u00e9vel az akkori gondnok k\u00e9rt meg, hogy a gy\u00fclekezet n\u0151i tagjaib\u00f3l szervezzem a templom, a gy\u00fclekezeti terem folyamatos takar\u00edt\u00e1s\u00e1t. 2003-t\u00f3l lettem presbiter, ez k\u00fcl\u00f6n\u00f6sen kiemelked\u0151 megb\u00edzat\u00e1s volt sz\u00e1momra, hisz \u00e9n lettem az els\u0151 n\u0151i presbiter, ami nagy dolognak sz\u00e1m\u00edtott az akkori presbiterek szem\u00e9ben, hogy a sok f\u00e9rfi mellett egy n\u0151t is elfogadtak ebben a szolg\u00e1latban.\u00a0 A presbiteri gy\u0171l\u00e9seken jegyz\u0151k\u00f6nyvvezet\u0151i megb\u00edzat\u00e1som is lett. Egyh\u00e1zfenntart\u00f3i j\u00e1rul\u00e9kot is szedtem adott k\u00f6rzetben, valamint r\u00e1m b\u00edzt\u00e1k, hogy havonta egy alkalommal gy\u0171jtsem \u00f6ssze a t\u00f6bbi presbitert\u0151l a k\u00f6rzet\u00fckben \u00f6sszeszedett egyh\u00e1zfenntart\u00f3i j\u00e1rul\u00e9kot \u00e9s a lelk\u00e9sz r\u00e9sz\u00e9re juttassam el.<\/p>\n<p>2011-t\u0151l vagyok a Cset\u00e9nyi Reform\u00e1tus Egyh\u00e1zk\u00f6zs\u00e9g gondnoka, 2025-t\u0151l f\u0151gondnoka. F\u0151gondnoki feladatok mellett r\u00e9szt veszek a havi feloszt\u00e1sa alapj\u00e1n v\u00e9gzend\u0151 vas\u00e1rnapi istentiszteletek el\u0151k\u00e9sz\u00fcleteiben. A presbiteri gy\u0171l\u00e9seken sz\u00fcks\u00e9g eset\u00e9n jegyz\u0151k\u00f6nyvvezet\u0151 vagyok. Tov\u00e1bbra is szedem adott k\u00f6rzet alapj\u00e1n az \u00e9vi egyh\u00e1zfenntart\u00f3i j\u00e1rul\u00e9kot. Szervezem az vas\u00e1rnapi liturgi\u00e1hoz (els\u0151 istentisztelethez) kapcsol\u00f3d\u00f3 igeolvas\u00f3t, im\u00e1dkoz\u00f3t. Szervezem az adott \u00e9v augusztus\u00e1ban tartand\u00f3 h\u00e1laad\u00e1ssal kapcsolatos alkalmat. K\u00e9t heti, illetve havi rendszeress\u00e9ggel jelentem a k\u00e1ntor foglalkoztat\u00e1s\u00e1t a NAV fel\u00e9, megfelel\u0151 internetes fel\u00fcleten. R\u00e9szt veszek az egyh\u00e1zk\u00f6zs\u00e9g rendszeres alkalmain, az imak\u00f6z\u00f6ss\u00e9gen, a filmvet\u00edt\u00e9sen, presbiteri k\u00e9pz\u00e9sen, v\u00e1llalok a vas\u00e1rnapi liturgi\u00e1ban im\u00e1dkoz\u00e1st, sz\u00fcks\u00e9g eset\u00e9n igeolvas\u00e1st, alkalom szer\u0171 t\u00e1rsadalmi munk\u00e1t.<\/p>\n<p>Gyerekkorom \u00f3ta hittem a J\u00f3 Istenben. Nem volt k\u00e9ts\u00e9g sz\u00e1momra az \u0150 l\u00e9tez\u00e9se. Gondnoki feladatom kezdet\u00e9t\u0151l a mai napig az al\u00e1bbi ige a kis\u00e9r\u0151m, seg\u00edt\u0151m, b\u00e1tor\u00edtom:<\/p>\n<p style=\"text-align: center;\"><strong>..\u201dNe f\u00e9lj, mert \u00e9n veled vagyok, ne cs\u00fcggedj, mert \u00e9n vagyok Istened! <br class=\"avia-permanent-lb\" \/>Meger\u0151s\u00edtelek, meg seg\u00edtelek, s\u0151t gy\u0151zelmes jobbommal t\u00e1mogatlak.\u201e <br class=\"avia-permanent-lb\" \/>\u00c9zsai\u00e1s 41: 10.<\/strong><\/p>\n<\/div><\/section>\n<div  class='hr av-8cst7-1b3bda39716c6aa37bc6336474693482 hr-default  avia-builder-el-2  el_after_av_textblock  el_before_av_textblock '><span class='hr-inner '><span class=\"hr-inner-style\"><\/span><\/span><\/div>\n<section  class='av_textblock_section av-mm4qxo38-d5e34c2c0ef4be116678b13ec11b329a '   itemscope=\"itemscope\" itemtype=\"https:\/\/schema.org\/CreativeWork\" ><div class='avia_textblock'  itemprop=\"text\" ><p><strong><u>Simon Ervin &#8211; gondnok<\/u><\/strong><\/p>\n<p>1959.08.28-\u00e1n sz\u00fclettem, reform\u00e1tus csal\u00e1dba nevelkedtem Dudaron. 1980.09.13.-\u00e1n h\u00e1zasodtam Cset\u00e9nybe, feles\u00e9gemmel az\u00f3ta is Krisztusi szeretetben \u00e9l\u00fcnk. 3 gyermekkel \u00e9s 2 unok\u00e1val \u00e1ldott meg minket az \u00dar. Jelenleg nyugd\u00edjas vagyok \u00e9s igyekszem minden er\u0151mmel \u00e9s id\u0151mmel az Istent\u0151l kapott csal\u00e1domat \u00e9s gy\u00fclekezetemet szolg\u00e1lni.<\/p>\n<p>Fel\u00fclr\u0151l val\u00f3 elh\u00edv\u00e1som 1995 H\u00fasv\u00e9tj\u00e1n t\u00f6rt\u00e9nt, ami az eg\u00e9sz \u00e9letemet \u00e9s \u00e9letvitelemet megv\u00e1ltoztatta. Az\u00f3ta az \u00dar \u00fcgy\u00e9t Isten ereje \u00e1ltal szolg\u00e1lom. Presbiterk\u00e9nt 30 \u00e9ve vagyok jelen a gy\u00fclekezetben, jelenleg pedig gondokk\u00e9nt. Templomunk fel\u00faj\u00edt\u00e1si \u00e9s a folyamatos karbantart\u00e1si munk\u00e1lataiban kiveszem a r\u00e9szem, imak\u00f6z\u00f6ss\u00e9g tagjak\u00e9nt hordozom a r\u00e1mb\u00edzottakat, az Istentiszeleti liturgi\u00e1ban alkalmank\u00e9nt im\u00e1dkoz\u00f3 \u00e9s Igeolvas\u00f3k\u00e9nt is r\u00e9szt v\u00e1llalok.<\/p>\n<p>Az az Ige ami eg\u00e9sz \u00e9letemre nagy hat\u00e1ssal volt:<\/p>\n<p style=\"text-align: center;\"><strong>\u201eTiteket pedig Isten hatalma \u0151riz hit \u00e1ltal az \u00fcdv\u00f6ss\u00e9gre, amely k\u00e9szen \u00e1ll arra, hogy nyilv\u00e1nval\u00f3v\u00e1 legyen az utols\u00f3 id\u0151ben.\u201d <br class=\"avia-permanent-lb\" \/><\/strong><strong>1. P\u00e9ter 1:5<\/strong><\/p>\n<\/div><\/section>\n<div  class='hr av-4pxe3-9a053a23da235b5c25e8e3728364152b hr-default  avia-builder-el-4  el_after_av_textblock  el_before_av_textblock '><span class='hr-inner '><span class=\"hr-inner-style\"><\/span><\/span><\/div>\n<section  class='av_textblock_section av-mm4r2ikt-5def4bb9b01c600cd170c036882bdcc6 '   itemscope=\"itemscope\" itemtype=\"https:\/\/schema.org\/CreativeWork\" ><div class='avia_textblock'  itemprop=\"text\" ><p><strong><u>T\u00f3th G\u00e1bor &#8211; presbiter<\/u><\/strong><\/p>\n<p>1970-ben sz\u00fclettem Zircen. Csal\u00e1dom gener\u00e1ci\u00f3k \u00f3ta megtartja \u00e9s meg\u00e9li reform\u00e1tus hit\u00e9t. 5 \u00e9v kiv\u00e9tel\u00e9vel eg\u00e9sz \u00e9letemben Cset\u00e9nyben laktam, \u00e9s gyermekkoromt\u00f3l kezdve a helyi reform\u00e1tus gy\u00fclekezet tagja vagyok. 1984-ben konfirm\u00e1ltam, 2000-t\u0151l pedig egyike lehetek a gy\u00fclekezet presbitereinek. Mennyei Aty\u00e1nk aj\u00e1nd\u00e9kak\u00e9nt 2008-ban h\u00e1zass\u00e1got k\u00f6t\u00f6ttem feles\u00e9gemmel, Ilon\u00e1val. H\u00e1zass\u00e1gunkat 3 csod\u00e1latos gyermekkel \u00e1ldotta meg Isten\u00fcnk.<\/p>\n<p>Konfirm\u00e1ci\u00f3i \u00e1ld\u00e1sig\u00e9m <strong>\u00c9zsai\u00e1s k\u00f6nyve 43. r\u00e9sz\u00e9nek 1. verse \u201eNe f\u00e9l, mert megv\u00e1ltottalak, neveden h\u00edvtalak t\u00e9ged, eny\u00e9m vagy!\u201d<\/strong> v\u00e9gig vezetett \u00e9s t\u00e1maszt adott a nehezebb id\u0151kben is. Ugyancsak nagyon kedves sz\u00edvemnek <strong>\u00c9zsai\u00e1s k\u00f6nyve 40. r\u00e9sz\u00e9nek a 29-31 vers\u00e9ig terjed\u0151 szakasza: \u201eEr\u0151t ad a megf\u00e1radottnak, \u00e9s az er\u0151tlen erej\u00e9t megsokas\u00edtja. Elf\u00e1radnak az ifjak \u00e9s meglankadnak, megt\u00e1ntorodnak a legk\u00fcl\u00f6nbek is, de akik az \u00darban b\u00edznak, erej\u00f6k meg\u00fajul, sz\u00e1rnyra kelnek, minta a saskesely\u0171k, futnak \u00e9s nem lankadnak meg, j\u00e1rnak \u00e9s nem f\u00e1radnak el!\u201d<\/strong> H\u00e1l\u00e1s vagyok az elh\u00edv\u00e1s\u00e9rt, az\u00e9rt, hogy magam csek\u00e9ly eszk\u00f6zeivel szolg\u00e1lhatok a gy\u00fclekezetben \u00e9s igyekszem Teremt\u0151nk \u00e1ld\u00e1sair\u00f3l \u00e9s szeretet\u00e9r\u0151l k\u00f6rnyezetemben is bizonys\u00e1got tenni.<\/p>\n<\/div><\/section>\n<div  class='hr av-15m0cj-74088c25b83d8c3388b2f5786061bcf4 hr-default  avia-builder-el-6  el_after_av_textblock  el_before_av_textblock '><span class='hr-inner '><span class=\"hr-inner-style\"><\/span><\/span><\/div>\n<section  class='av_textblock_section av-mm4r4nzk-4feca9b4e58002e9c20e89643f682bbb '   itemscope=\"itemscope\" itemtype=\"https:\/\/schema.org\/CreativeWork\" ><div class='avia_textblock'  itemprop=\"text\" ><p><strong><u>Gy\u00f6rgy K\u00e1lm\u00e1n &#8211; presbiter<\/u><\/strong><\/p>\n<p>1953.08.03-\u00e1n sz\u00fclettem reform\u00e1tus csal\u00e1dban, az\u00f3ta Cset\u00e9nyben \u00e9lek. \u00c9desap\u00e1m Gy\u00f6rgy Mih\u00e1ly \u00e9s testv\u00e9rem Mih\u00e1ly is szolg\u00e1lt\u00e1k presbiterk\u00e9nt a cset\u00e9nyi gy\u00fclekezetet. \u00c1ltal\u00e1nos iskolai tanulm\u00e1nyaim ut\u00e1n aut\u00f3villamoss\u00e1gi szakm\u00e1t is tanultam. A Cset\u00e9nyi TSZ-ben \u00e9s a Balinkai b\u00e1ny\u00e1n\u00e1l is szerel\u0151k\u00e9nt dolgoztam, jelenleg nyugd\u00edjas vagyok. 1967-ben konfirm\u00e1ltam \u00e9s alkalmank\u00e9nt r\u00e9szt vettem az Istentiszeleteken. 1977.03.26.-\u00e1n k\u00f6t\u00f6ttem h\u00e1zass\u00e1got Hege Juliann\u00e1val, akivel k\u00f6z\u00f6sen 2 gyermek\u00fcnk \u00e9s 6 unok\u00e1nk van, Isten kegyelm\u00e9b\u0151l. Sz\u00fcleim, testv\u00e9reimmel egy\u00fctt igyekeztek kereszty\u00e9n hitre nevelni benn\u00fcnket, de igaz\u00e1n\u00a0 a testv\u00e9rem hal\u00e1la okozta gy\u00e1sz, f\u00e1jdalom \u00e9s \u0171r bet\u00f6lt\u00e9s\u00e9vel tudtam k\u00f6zel j\u00f6nni Istenhez. Az\u00f3ta rendszeresen r\u00e9szt veszek az Igehirdet\u00e9seken, \u00e9s igyekszem minden fizikai munk\u00e1ban megtal\u00e1lni a helyem. A munkahelyeim \u00e9s a falusi \u00e9letvitel miatt sokf\u00e9le tapasztalatot szereztem, mind a szerel\u00e9s \u00e9s \u00e9p\u00edtkez\u00e9s ter\u00fclet\u00e9n, amiket t\u0151lem telhet\u0151 maxim\u00e1lis m\u00f3don pr\u00f3b\u00e1lok hasznos\u00edtani a Cset\u00e9nyi reform\u00e1tus gy\u00fclekezetben. R\u00e9szt veszek a templomunk \u00e9s temet\u0151nk k\u00f6r\u00fcli munk\u00e1latokban is legyen az f\u0171ny\u00edr\u00e1s, karbantart\u00e1s, fakiv\u00e1g\u00e1s, fav\u00e1g\u00e1s, hasogat\u00e1s. Meger\u0151s\u00edt Isten abban, hogy a fizikai munk\u00e1ra is nagy sz\u00fcks\u00e9g van \u00e9s ad is hozz\u00e1 er\u0151t, s k\u00e9rem T\u0151le, hogy \u00edgy is legyen.<\/p>\n<p>\u00c9letemet erre az Ig\u00e9re helyezem:<\/p>\n<p style=\"text-align: center;\"><strong>\u201eAz \u00dar az \u00e9n p\u00e1sztorom; nem sz\u0171k\u00f6lk\u00f6d\u00f6m. F\u00fcves legel\u0151k\u00f6n nyugtat engem, \u00e9s csendes vizekhez terelget engem. <br class=\"avia-permanent-lb\" \/>Lelkemet megvid\u00e1m\u00edtja, az igazs\u00e1g \u00f6sv\u00e9nyein vezet engem az \u0151 nev\u00e9\u00e9rt.\u201d<br class=\"avia-permanent-lb\" \/>Zsolt\u00e1rok 23:1-3<\/strong><\/p>\n<\/div><\/section>\n<div  class='hr av-351jv-07c06ce82eabff512b32e60ea124c3f9 hr-default  avia-builder-el-8  el_after_av_textblock  el_before_av_textblock '><span class='hr-inner '><span class=\"hr-inner-style\"><\/span><\/span><\/div>\n<section  class='av_textblock_section av-mm4r7bqe-895b46a439ad565f37686f81deac2222 '   itemscope=\"itemscope\" itemtype=\"https:\/\/schema.org\/CreativeWork\" ><div class='avia_textblock'  itemprop=\"text\" ><p><strong><u>Deli Hajnalka Erzs\u00e9bet &#8211; presbiter<\/u><\/strong><\/p>\n<p>Deli Hajnalka Erzs\u00e9bet vagyok 1961-ben sz\u00fclettem. Cset\u00e9nyben n\u0151ttem fel. Gyermekkoromban vezettek a vas\u00e1rnapi iskol\u00e1ba \u00e9s a templomba\u00a0 j\u00e1rtam hittanra, amely konfirm\u00e1ci\u00f3val lett teljess\u00e9. \u00c1ld\u00f3 ig\u00e9m:<strong> R\u00f3m 10 17. ,, Az\u00e9rt a hit\u00a0hall\u00e1sb\u00f3l van, a hall\u00e1s\u00a0pedig Isten ig\u00e9je \u00e1ltal.&#8221;<\/strong><\/p>\n<p>Voltam gyerekt\u00e1borban itt ezt az ig\u00e9t kaptam:<strong> H\u00f3se\u00e1s 2- 18. ,,Eljegyezlek t\u00e9ged magamnak \u00f6r\u00f6kre, \u00e9s pedig igazs\u00e1ggal \u00e9s \u00edt\u00e9lettel, kegyelemmel \u00e9s irgalommal jegyezlek el.&#8221;<\/strong><\/p>\n<p>Elv\u00e9geztem egy gyermek evang\u00e9liz\u00e1ci\u00f3s tanfolyamot. A gy\u00fclekezetben tan\u00edtom a gyerekeknek a biblia igazs\u00e1g\u00e1t. Presbiterk\u00e9nt\u00a0is v\u00e9gzek szolg\u00e1latot .<\/p>\n<p>Legyen Isten\u00e9 a dics\u0151s\u00e9g minden\u00e9rt, hogy megseg\u00edtett, \u00e9s amit elv\u00e9gzett az \u00e9letemben.<\/p>\n<\/div><\/section>\n<div  class='hr av-qr2mr-8cf61696fc5f91db1fc6fdb1886d59d6 hr-default  avia-builder-el-10  el_after_av_textblock  el_before_av_textblock '><span class='hr-inner '><span class=\"hr-inner-style\"><\/span><\/span><\/div>\n<section  class='av_textblock_section av-mm4r8f3y-878ada0b3002186474e0793dda77ca9c '   itemscope=\"itemscope\" itemtype=\"https:\/\/schema.org\/CreativeWork\" ><div class='avia_textblock'  itemprop=\"text\" ><p><strong><u>Magosi L\u00e1szl\u00f3 &#8211; presbiter<\/u><\/strong><\/p>\n<p>Magosi L\u00e1szl\u00f3 vagyok. 1989.02.19-\u00e9n sz\u00fclettem \u00e9s Cs\u00e1kv\u00e1ron n\u0151ttem fel. M\u0171szaki menedzser \u00e9s logisztikai m\u00e9rn\u00f6k diplom\u00e1kat szereztem \u00e9s fuvarszervez\u0151k\u00e9nt, beszerz\u0151k\u00e9nt \u00e9s termel\u00e9stervez\u0151k\u00e9nt dolgoztam t\u00f6bb munkahelyen. Sokan im\u00e1dkoztak \u00e9rtem \u00e9s Isten rengeteg csod\u00e1val meg\u00e1ldott! Tal\u00e1n f\u00e9lelmeim miatt volt eddig a legt\u00f6bbet olvasott \u00d3sz\u00f6vets\u00e9gi k\u00f6nyvem J\u00f3b k\u00f6nyve ami sokat tan\u00edtott engem arr\u00f3l, hogy mire van sz\u00fcks\u00e9ge a szenved\u0151nek. Csal\u00e1dommal t\u00f6reksz\u00fcnk Isten \u00fcgy\u00e9t szolg\u00e1lni azzal, hogy sokf\u00e9le szolg\u00e1latot v\u00e1llalunk a gy\u00fclekezetben. Feles\u00e9gem lelk\u00e9sznek tanul \u00e9s k\u00f3rust vezet, mik\u00f6zben gondoskodik 3 csod\u00e1latos gyermek\u00fcnkr\u0151l. \u00c9n hagyom\u00e1nytisztel\u0151 \u00e9s szolg\u00e1latk\u00e9sz tagja igyekszem lenni J\u00e9zus Krisztus egyh\u00e1z\u00e1nak, ha fizikai er\u0151re vagy lelki stabilit\u00e1sra van sz\u00fcks\u00e9g. Istent k\u00e9rem, hogy er\u0151s\u00edtsem meg engem \u00e9s m\u00e1sokat is a szolg\u00e1latban \u00e9s a b\u00f6lcsess\u00e9gben, m\u00edg rem\u00e9nys\u00e9g\u00fcnk beteljes\u00fcl.<\/p>\n<\/div><\/section>\n<div  class='hr av-ly30b-e1541f44326585528774e7543d55efec hr-default  avia-builder-el-12  el_after_av_textblock  el_before_av_textblock '><span class='hr-inner '><span class=\"hr-inner-style\"><\/span><\/span><\/div>\n<section  class='av_textblock_section av-mm4ra596-46e5980b6332ebf8a9ac8f4e57363547 '   itemscope=\"itemscope\" itemtype=\"https:\/\/schema.org\/CreativeWork\" ><div class='avia_textblock'  itemprop=\"text\" ><p><strong><u>Raduka J\u00f3zsefn\u00e9 Anik\u00f3 &#8211; presbiter<\/u><\/strong><\/p>\n<p>1950-ben sz\u00fclettem Cset\u00e9nyben. Reform\u00e1tus csal\u00e1dban nevelkedtem, 14 \u00e9vesen konfirm\u00e1ltam. 1970-ben k\u00f6t\u00f6tt\u00fcnk h\u00e1zass\u00e1got f\u00e9rjemmel \u00e9s az\u00f3ta is szeretetben \u00e9l\u00fcnk egy\u00fctt. 3 gyermek\u00fcnk \u00e9s 6 unok\u00e1nk van. Cset\u00e9nyhez k\u00f6zeli M\u00f3ron dolgoztam, jelenleg nyugd\u00edjas vagyok. 2010 augusztus\u00e1ban egy alattomos \u00e9s komoly betegs\u00e9ggel sz\u00f3l\u00edtott meg Isten, \u00e1ldott legyen neve, hogy meghallottam h\u00edv\u00e1s\u00e1s\u00e1t! Gy\u00f3gy\u00edt\u00f3 hatalm\u00e1t mind testileg mind lelkileg megtapasztaltam \u00e9s h\u00e1l\u00e1b\u00f3l \u00e9letemet odasz\u00e1ntam Isten Ig\u00e9j\u00e9nek igazs\u00e1g\u00e1nak k\u00e9pvisel\u00e9s\u00e9re. Rendszeresen r\u00e9szt veszek a gy\u00fclekezeti alkalmainkon, Igehirdet\u00e9s, Biblia\u00f3ra, Imak\u00f6z\u00f6ss\u00e9g, Hitm\u00e9ly\u00edt\u0151 alkalmak, az Istentiszteleten\u00a0 alkalmank\u00e9nt im\u00e1dkoz\u00e1ssal \u00e9s Igeolvas\u00e1ssal is dics\u0151\u00edtem Istent. D\u00edcs\u00e9rem \u00e9s \u00e1ldom a Hatalmast az \u0150 munk\u00e1j\u00e1\u00e9rt. Szolg\u00e1latom r\u00e9sze m\u00e9g, hogy szerepet v\u00e1llalok a\u00a0 szeretetvend\u00e9gs\u00e9gekben, s\u00fct\u00e9ssel, f\u0151z\u00e9ssel. Id\u0151nk\u00e9nt az ifj\u00fas\u00e1gi t\u00e1borban is szolgat\u00e1rsammal Borb\u00e9lyn\u00e9 Margik\u00e1val v\u00e1llaljuk a fiatalok \u00e9tkez\u00e9s\u00e9nek biztos\u00edt\u00e1s\u00e1t. P\u00f3tpresbiteri tiszts\u00e9gb\u0151l 2025-ben egy sajn\u00e1latos \u00e9s hirtelen presbiteri\u00a0 hal\u00e1leset ut\u00e1n v\u00e1lasztott a presbit\u00e9rium teljes jog\u00fa presbiterr\u00e9.<\/p>\n<p>Konfim\u00e1l\u00e1somkor kapott Ig\u00e9m ami a mai napig fontos \u00fczenet sz\u00e1momra:<\/p>\n<p style=\"text-align: center;\"><strong><em>\u201eAz \u00darnak a te Istenednek nev\u00e9t hi\u00e1ba fel ne vedd<\/em>; mert nem hagyja azt az \u00dar b\u00fcntet\u00e9s n\u00e9lk\u00fcl, a ki az \u0151 nev\u00e9t hi\u00e1ba felveszi.\u201d <br class=\"avia-permanent-lb\" \/>2. M\u00f3zes 20:7<\/strong><\/p>\n<\/div><\/section>\n<div  class='hr av-f2rgj-0b593bb8c7070964422e289325fad057 hr-default  avia-builder-el-14  el_after_av_textblock  el_before_av_textblock '><span class='hr-inner '><span class=\"hr-inner-style\"><\/span><\/span><\/div>\n<section  class='av_textblock_section av-mm4rcsw1-7526a55ca4490ca0b3337733ed82dd5e '   itemscope=\"itemscope\" itemtype=\"https:\/\/schema.org\/CreativeWork\" ><div class='avia_textblock'  itemprop=\"text\" ><p><strong><u>T\u00f3th Ter\u00e9z\u00a0 &#8211; presbiter<\/u><\/strong><\/p>\n<p>1980-ban sz\u00fclettem \u00e9s az\u00f3ta Cset\u00e9nyben \u00e9lek. Reform\u00e1tus sz\u00fcl\u0151k egyetlen gyermekek\u00e9nt nevelkedtem. Eg\u00e9szen kisgyerek korom \u00f3ta j\u00e1rok a gy\u00fclekezetbe, gyermek Istentiszeletekre, k\u00e9s\u0151bb Istentiszeletre. 1993-ban konfirm\u00e1ltam \u00e9s az \u00e1ld\u00f3 Ig\u00e9m\u00a0 <strong>1. Tim. 6:12 \u00a0\u201eHarcold meg a hitnek sz\u00e9p harc\u00e1t, nyerd el az \u00f6r\u00f6k \u00e9letet, amelyre h\u00edvattatt\u00e1l&#8230;\u201d<\/strong><\/p>\n<p>Akkor m\u00e9g nem is tudtam mennyire jellemz\u0151 lesz ez az \u00e9letemre. K\u00f6zgazdas\u00e1gi Szakk\u00f6z\u00e9piskolai v\u00e9gzetts\u00e9gem van \u00e9s elv\u00e9geztem a pedag\u00f3giai asszisztens tanfolyamot. Jelenleg az ut\u00f3bbiban dolgozom a Cset\u00e9nyi V\u00e1mb\u00e9ry \u00c1rmin \u00c1ltal\u00e1nos Iskol\u00e1ban. El\u0151sz\u00f6r 2005-ben \u00e9reztem meg Isten hatalm\u00e1t \u00e9s jelenl\u00e9t\u00e9t \u00e9desap\u00e1m hal\u00e1la ut\u00e1n (2002) egy presbiteri konferenci\u00e1n, akkor m\u00e9g ugyan nem presbiterk\u00e9nt voltam jelen. Gyerekmunk\u00e1ba r\u00e9szt v\u00e1llaltam a gy\u00fclekezetben mind a gyermek Istentisztelen, mind pedig ifj\u00fas\u00e1gi \u00f3r\u00e1kon, er\u0151t mer\u00edtve a VISZ tanfolyam\u00e1n. 3 csod\u00e1val, fi\u00fagyermekkel \u00e1ldott meg Isten, akiket egyed\u00fcl nevelek vagyis Isten kegyelm\u00e9b\u0151l \u00e9desany\u00e1mmal. Rendszeresen r\u00e9szt veszek gy\u00fclekezeti alkalmainkon, v\u00e1llalok im\u00e1dkoz\u00f3 \u00e9s Igeolvas\u00f3i szolg\u00e1latot \u00e9s tov\u00e1bbra is szolg\u00e1lok a gyerekmisszi\u00f3ban. Pr\u00f3b\u00e1k (nagyon kem\u00e9nyek) voltak az \u00e9letemben, de h\u00e1l\u00e1s vagyok Istennek, hogy ezek mind k\u00f6zelebb vittek Hozz\u00e1 \u00e9s teljesen \u00e1t tudtam adni az \u00e9letem az \u0150 ir\u00e1ny\u00edt\u00e1sa al\u00e1, hossz\u00fat\u0171r\u0151 volt \u00e9s az most is az velem az \u00dar. A harcok sokszor nehezek, de tudom, hogy nem vagyok egyed\u00fcl mert \u0150 velem van. K\u00fcl\u00f6nleges \u00e9s csod\u00e1latos testv\u00e9ri k\u00f6z\u00f6ss\u00e9g van jelen a gy\u00fclekezet\u00fcnkben!<\/p>\n<p style=\"text-align: center;\"><strong>\u201eDe ha nem tetszik nektek, hogy az Urat szolg\u00e1lj\u00e1tok, v\u00e1lassz\u00e1tok ki m\u00e9g ma, hogy kit akartok szolg\u00e1lni\u2026 De \u00e9n \u00e9s az \u00e9n h\u00e1zam n\u00e9pe az Urat szolg\u00e1ljuk!&#8221; <br class=\"avia-permanent-lb\" \/>J\u00f3zsu\u00e9 24:15<\/strong><\/p>\n<\/div><\/section>\n<div  class='hr av-7551v-b516c65682b35fdd3e81cdc695095582 hr-default  avia-builder-el-16  el_after_av_textblock  el_before_av_textblock '><span class='hr-inner '><span class=\"hr-inner-style\"><\/span><\/span><\/div>\n<section  class='av_textblock_section av-mm4re2ei-00f0596c54be2ab2329796e57f1cff4e '   itemscope=\"itemscope\" itemtype=\"https:\/\/schema.org\/CreativeWork\" ><div class='avia_textblock'  itemprop=\"text\" ><p><strong><u>Pongr\u00e1cz L\u00e1szl\u00f3n\u00e9 Ildik\u00f3 &#8211; p\u00f3tpresbiter<\/u><\/strong><\/p>\n<p>1962-ben sz\u00fclettem Zircen. 9 \u00e9vesen konfirm\u00e1ltam Dudaron. \u00c1ltal\u00e1nos iskola befejez\u00e9s\u00e9vel elmentem dolgozni, ott ismertem meg f\u00e9rjemet. 1984-ben h\u00e1zasodtunk \u00f6ssze a Cset\u00e9nyi Reform\u00e1tus templomban \u00e9s ekkor ker\u00fcltem a cset\u00e9nyi gy\u00fclekezetbe. 2 \u00e9vig dolgoztam az egyh\u00e1zn\u00e1l, majd nyugd\u00edjba vonultam 2020-ban. Rendszeresen 2017 \u00f3ta j\u00e1rok Istentiszteletre. Nagyon megszerettem az ottani k\u00f6z\u00f6ss\u00e9get, sz\u00edvesen v\u00e1llaltam seg\u00edts\u00e9gny\u00fajt\u00e1st a gy\u00fclekezetbe. 2023-ban v\u00e1lasztottak p\u00f3tpresbiterr\u00e9.<\/p>\n<p>\u00c9letem vez\u00e9r Ig\u00e9je:<\/p>\n<p style=\"text-align: center;\"><strong> \u201e Az \u00dar az \u00e9n p\u00e1sztorom, nem sz\u0171k\u00f6lk\u00f6d\u00f6m.\u201d <br class=\"avia-permanent-lb\" \/>Zsolt\u00e1rok 23:1<\/strong><\/p>\n<\/div><\/section>\n\n<style type=\"text\/css\" data-created_by=\"avia_inline_auto\" id=\"style-css-av-6rdoj-d7bcd95c390c87607a91c80627ade668\">\n#top .hr.hr-invisible.av-6rdoj-d7bcd95c390c87607a91c80627ade668{\nheight:300px;\n}\n<\/style>\n<div  class='hr av-6rdoj-d7bcd95c390c87607a91c80627ade668 hr-invisible  avia-builder-el-18  el_after_av_textblock  avia-builder-el-last '><span class='hr-inner '><span class=\"hr-inner-style\"><\/span><\/span><\/div>\n","protected":false},"excerpt":{"rendered":"","protected":false},"author":1,"featured_media":0,"parent":134,"menu_order":0,"comment_status":"closed","ping_status":"closed","template":"","meta":{"footnotes":""},"class_list":["post-139","page","type-page","status-publish","hentry"],"_links":{"self":[{"href":"https:\/\/csetenyireformatus.hu\/index.php?rest_route=\/wp\/v2\/pages\/139","targetHints":{"allow":["GET"]}}],"collection":[{"href":"https:\/\/csetenyireformatus.hu\/index.php?rest_route=\/wp\/v2\/pages"}],"about":[{"href":"https:\/\/csetenyireformatus.hu\/index.php?rest_route=\/wp\/v2\/types\/page"}],"author":[{"embeddable":true,"href":"https:\/\/csetenyireformatus.hu\/index.php?rest_route=\/wp\/v2\/users\/1"}],"replies":[{"embeddable":true,"href":"https:\/\/csetenyireformatus.hu\/index.php?rest_route=%2Fwp%2Fv2%2Fcomments&post=139"}],"version-history":[{"count":11,"href":"https:\/\/csetenyireformatus.hu\/index.php?rest_route=\/wp\/v2\/pages\/139\/revisions"}],"predecessor-version":[{"id":964,"href":"https:\/\/csetenyireformatus.hu\/index.php?rest_route=\/wp\/v2\/pages\/139\/revisions\/964"}],"up":[{"embeddable":true,"href":"https:\/\/csetenyireformatus.hu\/index.php?rest_route=\/wp\/v2\/pages\/134"}],"wp:attachment":[{"href":"https:\/\/csetenyireformatus.hu\/index.php?rest_route=%2Fwp%2Fv2%2Fmedia&parent=139"}],"curies":[{"name":"wp","href":"https:\/\/api.w.org\/{rel}","templated":true}]}}