{"id":144,"date":"2024-11-27T17:55:11","date_gmt":"2024-11-27T16:55:11","guid":{"rendered":"https:\/\/csetenyireformatus.hu\/?page_id=144"},"modified":"2024-11-27T18:47:17","modified_gmt":"2024-11-27T17:47:17","slug":"templomepites","status":"publish","type":"page","link":"https:\/\/csetenyireformatus.hu\/?page_id=144","title":{"rendered":"TEMPLOM\u00c9P\u00cdT\u00c9S"},"content":{"rendered":"\n<style type=\"text\/css\" data-created_by=\"avia_inline_auto\" id=\"style-css-av-m406erhm-07cf41a2c2ae368529cbab3cda40eb39\">\n#top .av-special-heading.av-m406erhm-07cf41a2c2ae368529cbab3cda40eb39{\npadding-bottom:50px;\n}\nbody .av-special-heading.av-m406erhm-07cf41a2c2ae368529cbab3cda40eb39 .av-special-heading-tag .heading-char{\nfont-size:25px;\n}\n.av-special-heading.av-m406erhm-07cf41a2c2ae368529cbab3cda40eb39 .av-subheading{\nfont-size:15px;\n}\n<\/style>\n<div  class='av-special-heading av-m406erhm-07cf41a2c2ae368529cbab3cda40eb39 av-special-heading-h1 blockquote modern-quote  avia-builder-el-0  el_before_av_two_third  avia-builder-el-first '><h1 class='av-special-heading-tag '  itemprop=\"headline\"  >TEMPLOM\u00c9P\u00cdT\u00c9S<\/h1><div class=\"special-heading-border\"><div class=\"special-heading-inner-border\"><\/div><\/div><\/div>\n<div  class='flex_column av-jdqxs-56fcb52ecc754a39933803a7a0164371 av_two_third  avia-builder-el-1  el_after_av_heading  el_before_av_one_third  first flex_column_div  '     ><section  class='av_textblock_section av-gjxtc-b3b38b5f2cfddc9b4c1c19a41a59348a '   itemscope=\"itemscope\" itemtype=\"https:\/\/schema.org\/CreativeWork\" ><div class='avia_textblock'  itemprop=\"text\" ><p>Felt\u00f6lt\u00e9s alatt&#8230;<\/p>\n<\/div><\/section><\/div>\n<div  class='flex_column av-88zgw-ed06123f41319bfba4fcf38834bfeb9f av_one_third  avia-builder-el-3  el_after_av_two_third  avia-builder-el-last  flex_column_div  '     ><section  class='av_textblock_section av-m406h4gf-60aabc99fa1ead1009c99ef5bcdd371d '   itemscope=\"itemscope\" itemtype=\"https:\/\/schema.org\/CreativeWork\" ><div class='avia_textblock'  itemprop=\"text\" ><h2>T\u00c1MOGASS MINKET!<\/h2>\n<p>Gy\u00fclekezeti szolg\u00e1latunk \u00e9s templomunk fel\u00faj\u00edt\u00e1s\u00e1nak a t\u00e1mogat\u00e1sa a k\u00f6vetkez\u0151 sz\u00e1mlasz\u00e1mon kereszt\u00fcl is lehets\u00e9ges:<\/p>\n<p><strong>73900047-11053026<\/strong><\/p>\n<p>K\u00e9rj\u00fck sz\u00e9pen a megjegyz\u00e9sben felt\u00fcntetni a t\u00e1mogat\u00e1s c\u00e9lj\u00e1t.<\/p>\n<p>K\u00f6sz\u00f6nj\u00fck mindenkinek a j\u00f3 sz\u00e1nd\u00e9k\u00fa t\u00e1mogat\u00e1s\u00e1t!<\/p>\n<p>Gy\u00fclekezet\u00fcnk gyermek \u00e9s ifj\u00fas\u00e1gi munk\u00e1j\u00e1nak t\u00e1mogat\u00e1sa az SZJA 1%-\u00e1nak felaj\u00e1nl\u00e1s\u00e1val is lehets\u00e9ges. Az ad\u00f3bevall\u00e1sn\u00e1l csup\u00e1n az alap\u00edtv\u00e1nyunk ad\u00f3sz\u00e1m\u00e1t sz\u00fcks\u00e9ges megadni, amely a k\u00f6vetkez\u0151: 18270590-1-19. &#8222;L\u00e9lekt\u0151l L\u00e9lekig&#8221; Cset\u00e9nyi Egyh\u00e1zseg\u00edt\u0151 Alap\u00edtv\u00e1ny<br \/>\nFelaj\u00e1nl\u00e1sukat h\u00e1l\u00e1s sz\u00edvvel k\u00f6sz\u00f6nj\u00fck!<\/p>\n<\/div><\/section><\/div>\n","protected":false},"excerpt":{"rendered":"","protected":false},"author":1,"featured_media":0,"parent":134,"menu_order":0,"comment_status":"closed","ping_status":"closed","template":"","meta":{"footnotes":""},"class_list":["post-144","page","type-page","status-publish","hentry"],"_links":{"self":[{"href":"https:\/\/csetenyireformatus.hu\/index.php?rest_route=\/wp\/v2\/pages\/144","targetHints":{"allow":["GET"]}}],"collection":[{"href":"https:\/\/csetenyireformatus.hu\/index.php?rest_route=\/wp\/v2\/pages"}],"about":[{"href":"https:\/\/csetenyireformatus.hu\/index.php?rest_route=\/wp\/v2\/types\/page"}],"author":[{"embeddable":true,"href":"https:\/\/csetenyireformatus.hu\/index.php?rest_route=\/wp\/v2\/users\/1"}],"replies":[{"embeddable":true,"href":"https:\/\/csetenyireformatus.hu\/index.php?rest_route=%2Fwp%2Fv2%2Fcomments&post=144"}],"version-history":[{"count":5,"href":"https:\/\/csetenyireformatus.hu\/index.php?rest_route=\/wp\/v2\/pages\/144\/revisions"}],"predecessor-version":[{"id":199,"href":"https:\/\/csetenyireformatus.hu\/index.php?rest_route=\/wp\/v2\/pages\/144\/revisions\/199"}],"up":[{"embeddable":true,"href":"https:\/\/csetenyireformatus.hu\/index.php?rest_route=\/wp\/v2\/pages\/134"}],"wp:attachment":[{"href":"https:\/\/csetenyireformatus.hu\/index.php?rest_route=%2Fwp%2Fv2%2Fmedia&parent=144"}],"curies":[{"name":"wp","href":"https:\/\/api.w.org\/{rel}","templated":true}]}}